?
22
What is the greatest common factor of 39407 and 785?
157
What is the highest common divisor of 10503 and 58739?
389
What is the highest common divisor of 10845 and 765?
45
Calculate the greatest common divisor of 16653 and 117.
39
Calculate the highest common factor of 2640 and 70320.
240
What is the highest common divisor of 7 and 426?
1
What is the greatest common factor of 1548 and 3636768?
516
What is the highest common divisor of 132 and 1586211?
33
What is the highest common divisor of 72 and 118404?
36
Calculate the highest common factor of 5675 and 450368.
227
What is the highest common divisor of 30 and 149570?
10
What is the greatest common factor of 3696 and 16654?
22
What is the highest common factor of 35 and 381635?
5
Calculate the greatest common factor of 763 and 957565.
763
What is the highest common divisor of 710 and 279385?
355
Calculate the greatest common divisor of 16485 and 8610.
105
Calculate the highest common factor of 260 and 17888.
52
Calculate the greatest common divisor of 837240 and 60.
60
What is the greatest common factor of 8307 and 1872?
117
What is the highest common factor of 1259394 and 238?
34
Calculate the highest common divisor of 9064 and 159032.
824
Calculate the highest common factor of 3886080 and 1440.
480
What is the highest common divisor of 7764 and 1404?
12
What is the highest common factor of 387 and 90657?
9
What is the greatest common factor of 2696359 and 1357?
1357
Calculate the greatest common factor of 4 and 740612.
4
Calculate the greatest common divisor of 310292 and 36.
4
Calculate the highest common factor of 2938 and 7358.
26
What is the greatest common divisor of 678566 and 133?
133
What is the highest common factor of 705599 and 10907?
839
What is the greatest common divisor of 87246 and 13320?
666
What is the greatest common factor of 46 and 8119?
23
Calculate the greatest common divisor of 3636 and 168771.
303
Calculate the greatest common divisor of 153 and 578136.
51
Calculate the highest common factor of 3055 and 615935.
235
What is the highest common factor of 2400 and 79600?
400
Calculate the highest common factor of 2060 and 7060.
20
Calculate the greatest common divisor of 437 and 207.
23
What is the highest common factor of 26923 and 1277807?
2071
What is the greatest common divisor of 102 and 2718?
6
What is the greatest common factor of 9139 and 247?
247
What is the highest common divisor of 154161 and 315?
63
What is the highest common factor of 9 and 2440386?
9
Calculate the highest common divisor of 16994 and 464.
58
Calculate the highest common factor of 406020 and 10452.
804
What is the greatest common divisor of 581839 and 548?
137
Calculate the highest common divisor of 46 and 434631.
23
What is the highest common factor of 412 and 828?
4
What is the highest common divisor of 3768 and 9280?
8
What is the greatest common divisor of 617104 and 24?
8
What is the greatest common factor of 195 and 110?
5
Calculate the highest common divisor of 100 and 755.
5
Calculate the highest common factor of 391 and 20621.
17
What is the highest common factor of 20 and 9180?
20
Calculate the highest common factor of 63 and 152199.
9
What is the highest common factor of 6 and 424922?
2
What is the highest common factor of 1321626 and 3768?
942
What is the greatest common factor of 741072 and 96?
48
What is the greatest common factor of 777 and 8621?
37
What is the highest common divisor of 342 and 72960?
114
What is the highest common divisor of 613304 and 4?
4
Calculate the greatest common divisor of 12 and 923556.
12
Calculate the highest common divisor of 292 and 8708.
4
What is the highest common factor of 860 and 235210?
430
What is the greatest common divisor of 239485 and 227?
227
What is the highest common divisor of 137655 and 71415?
1035
What is the greatest common factor of 24 and 569368?
8
What is the highest common divisor of 116475 and 195?
15
Calculate the highest common divisor of 127 and 510667.
127
What is the greatest common divisor of 22456 and 168?
56
What is the highest common divisor of 3006 and 774?
18
What is the greatest common factor of 5138 and 392?
14
Calculate the highest common factor of 3168 and 5616.
144
What is the greatest common factor of 13670 and 25?
5
What is the greatest common divisor of 218624 and 48?
16
What is the highest common factor of 55 and 2965?
5
Calculate the highest common divisor of 21 and 4707.
3
What is the highest common factor of 260 and 370?
10
What is the greatest common factor of 33 and 57717?
33
What is the highest common factor of 306 and 2250?
18
Calculate the greatest common factor of 273 and 38248.
7
What is the highest common divisor of 7504 and 2170?
14
Calculate the highest common divisor of 600 and 1338.
6
What is the greatest common divisor of 2862 and 459?
27
Calculate the greatest common divisor of 3520 and 576.
64
What is the highest common divisor of 2024 and 6600?
88
What is the greatest common divisor of 173456 and 256?
16
What is the highest common divisor of 23363 and 85409?
383
What is the greatest common factor of 294090 and 60?
30
Calculate the highest common factor of 2048112 and 4.
4
Calculate the highest common divisor of 5580 and 234.
18
Calculate the greatest common divisor of 1021216 and 728.
56
Calculate the highest common divisor of 1691 and 89.
89
Calculate the greatest common divisor of 1449050 and 150.
50
Calculate the greatest common divisor of 571896 and 432.
72
Calculate the greatest common divisor of 6750 and 55050.
150
Calculate the greatest common factor of 4 and 132554.
2
What is the highest common divisor of 432 and 22248?
216
What is the highest common factor of 630800 and 200?
200
Calculate the greatest common factor of 9828 and 204.
12
What is the highest common factor of 271332 and 27?
9
Calculate the highest common divisor of 8938 and 41.
41
Calculate the highest common divisor of 117 and 60970.
13
What is the greatest common divisor of 50737 and 339?
113
What is the greatest common divisor of 215 and 92285?
5
Calculate the greatest common divisor of 1350 and 9040.
10
What is the greatest common factor of 226776 and 528?
264
What is the greatest common divisor of 31829 and 63?
7
What is the highest common divisor of 3520 and 2530?
110
What is the greatest common factor of 916 and 84730?
458
What is the greatest common divisor of 19 and 2533?
1
What is the greatest common divisor of 85220 and 40?
20
Calculate the highest common factor of 7209 and 11392.
89
Calculate the greatest common factor of 78621 and 3.
3
What is the highest common divisor of 22356 and 33258?
138
Calculate the highest common divisor of 12682 and 1462.
34
What is the greatest common divisor of 840 and 2541?
21
Calculate the greatest common divisor of 2021 and 611.
47
What is the highest common factor of 2639 and 441467?
377
What is the greatest common divisor of 32 and 20904?
8
What is the highest common divisor of 96717 and 309?
309
Calculate the highest common factor of 11815 and 28495.
695
What is the highest common divisor of 8 and 224184?
8
What is the highest common factor of 511597 and 2155?
431
What is the greatest common divisor of 3364 and 301919?
841
What is the greatest common factor of 1298 and 650?
2
Calculate the greatest common factor of 5397568 and 3264.
1088
What is the greatest common factor of 6890 and 3510?
130
What is the highest common divisor of 944 and 200?
8
What is the highest common factor of 92848 and 336?
112
What is the greatest common factor of 2019654 and 81?
81
What is the greatest common divisor of 50922 and 13662?
1242
What is the greatest common divisor of 252531 and 81?
27
Calculate the greatest common factor of 164 and 18225156.
164
What is the greatest common divisor of 2135 and 805?
35
What is the highest common factor of 609510 and 990?
330
What is the highest common factor of 111 and 164206?
37
What is the greatest common divisor of 3094 and 368550?
182
What is the highest common divisor of 10716 and 7473?
141
What is the greatest common factor of 132627 and 264?
33
Calculate the highest common divisor of 208 and 2714972.
52
What is the highest common divisor of 2130 and 891050?
710
Calculate the highest common divisor of 2 and 1153.
1
Calculate the hig